{"id":342,"date":"2025-05-25T10:58:03","date_gmt":"2025-05-25T08:58:03","guid":{"rendered":"http:\/\/hosting2545269.online.pro\/autoinstalator\/wordpress6\/?page_id=342"},"modified":"2026-03-20T13:06:33","modified_gmt":"2026-03-20T12:06:33","slug":"kolegium-konsultorow","status":"publish","type":"page","link":"https:\/\/new.archidiecezjalubelska.pl\/index.php\/kolegium-konsultorow\/","title":{"rendered":"Kolegium Konsultor\u00f3w"},"content":{"rendered":"<div class=\"woocommerce\">\n    \n    <section class=\"u-clearfix u-white u-section-2\" id=\"block-2\">\n      <div class=\"u-clearfix u-sheet u-valign-middle-lg u-valign-middle-md u-valign-middle-sm u-sheet-1\">\n        <div class=\"data-layout-selected u-clearfix u-expanded-width-xs u-layout-wrap u-layout-wrap-1\">\n          <div class=\"u-gutter-0 u-layout\">\n            <div class=\"u-layout-row\">\n              <div class=\"u-container-style u-layout-cell u-shape-rectangle u-size-60 u-size-60-md u-layout-cell-1\">\n                <div class=\"u-container-layout u-valign-bottom-xs u-valign-top-lg u-valign-top-md u-valign-top-sm u-valign-top-xl u-container-layout-1\">\n                  <p class=\"u-text u-text-custom-color-3 u-text-default u-text-1\">Kolegium Konsultor\u00f3w<\/p>\n                  <div class=\"u-align-left u-container-align-left u-container-style u-custom-color-2 u-expanded-width-xs u-group u-group-1\">\n                    <div class=\"u-container-layout u-valign-middle u-container-layout-2\">\n                      <p class=\"u-text u-text-2\"><span style=\"font-weight: 700;\"> KOLEGIUM KONSULTOR\u00d3W<\/span>\n                        <br>\n                        <br>Bp Adam Bab<br>Bp Mieczys\u0142aw Cis\u0142o<br>Bp Artur Mizi\u0144ski<br>Bp J\u00f3zef Wr\u00f3bel<br><span style=\"font-weight: 400;\">Ks. Jaros\u0142aw Marczewski<\/span>\n                        <br>Ks. Bogus\u0142aw Migut<br><span style=\"font-weight: 400;\">Ks. Antoni Nadbrze\u017cny<\/span>\n                        <br><span style=\"font-weight: 400;\">Ks. Tadeusz Pajurek<\/span>\n                        <br><span style=\"font-weight: 400;\">Ks. Andrzej Sternik<\/span>\n                        <br><span style=\"font-weight: 400;\">Ks. Marek Warcho\u0142<\/span>\n                        <br>\n                        <br><span style=\"font-weight: 700;\">ZESP\u00d3\u0141 PROBOSZCZ\u00d3W KONSULTOR\u00d3W<\/span>\n                        <br>\n                        <br>Ks. Krzysztof Kwiatkowski<br>Ks.<span style=\"font-weight: 700;\">&nbsp;<\/span>Tadeusz Pajurek<br>Ks. Marek Warcho\u0142<br>Ks. Eugeniusz Zar\u0119bi\u0144ski\n                      <\/p>\n                    <\/div>\n                  <\/div>\n                <\/div>\n              <\/div>\n            <\/div>\n          <\/div>\n        <\/div>\n      <\/div>\n    <\/section>\n    \n    \n    \n    \n  \n<\/div>","protected":false},"excerpt":{"rendered":"<p>Kolegium Konsultor\u00f3w KOLEGIUM KONSULTOR\u00d3W Bp Adam BabBp Mieczys\u0142aw Cis\u0142oBp Artur Mizi\u0144skiBp J\u00f3zef Wr\u00f3belKs. Jaros\u0142aw Marczewski Ks. Bogus\u0142aw MigutKs. Antoni Nadbrze\u017cny Ks. Tadeusz Pajurek Ks. Andrzej Sternik Ks. Marek Warcho\u0142 ZESP\u00d3\u0141 PROBOSZCZ\u00d3W KONSULTOR\u00d3W Ks. Krzysztof KwiatkowskiKs.&nbsp;Tadeusz PajurekKs. Marek Warcho\u0142Ks. Eugeniusz Zar\u0119bi\u0144ski<\/p>\n","protected":false},"author":1,"featured_media":0,"parent":0,"menu_order":0,"comment_status":"closed","ping_status":"closed","template":"","meta":{"footnotes":""},"class_list":["post-342","page","type-page","status-publish","hentry"],"_links":{"self":[{"href":"https:\/\/new.archidiecezjalubelska.pl\/index.php\/wp-json\/wp\/v2\/pages\/342","targetHints":{"allow":["GET"]}}],"collection":[{"href":"https:\/\/new.archidiecezjalubelska.pl\/index.php\/wp-json\/wp\/v2\/pages"}],"about":[{"href":"https:\/\/new.archidiecezjalubelska.pl\/index.php\/wp-json\/wp\/v2\/types\/page"}],"author":[{"embeddable":true,"href":"https:\/\/new.archidiecezjalubelska.pl\/index.php\/wp-json\/wp\/v2\/users\/1"}],"replies":[{"embeddable":true,"href":"https:\/\/new.archidiecezjalubelska.pl\/index.php\/wp-json\/wp\/v2\/comments?post=342"}],"version-history":[{"count":11,"href":"https:\/\/new.archidiecezjalubelska.pl\/index.php\/wp-json\/wp\/v2\/pages\/342\/revisions"}],"predecessor-version":[{"id":66467,"href":"https:\/\/new.archidiecezjalubelska.pl\/index.php\/wp-json\/wp\/v2\/pages\/342\/revisions\/66467"}],"wp:attachment":[{"href":"https:\/\/new.archidiecezjalubelska.pl\/index.php\/wp-json\/wp\/v2\/media?parent=342"}],"curies":[{"name":"wp","href":"https:\/\/api.w.org\/{rel}","templated":true}]}}