{"id":509,"date":"2025-05-25T12:14:40","date_gmt":"2025-05-25T10:14:40","guid":{"rendered":"http:\/\/hosting2545269.online.pro\/autoinstalator\/wordpress6\/?page_id=509"},"modified":"2026-04-14T12:32:45","modified_gmt":"2026-04-14T10:32:45","slug":"archiwum-archidiecezjalne","status":"publish","type":"page","link":"https:\/\/new.archidiecezjalubelska.pl\/index.php\/archiwum-archidiecezjalne\/","title":{"rendered":"Archiwum Archidiecezjalne"},"content":{"rendered":"<div class=\"woocommerce\">\n    \n    <section class=\"u-clearfix u-white u-section-2\" id=\"block-2\">\n      <div class=\"u-clearfix u-sheet u-valign-middle-lg u-valign-middle-md u-valign-middle-sm u-sheet-1\">\n        <div class=\"data-layout-selected u-clearfix u-expanded-width-xs u-layout-wrap u-layout-wrap-1\">\n          <div class=\"u-gutter-0 u-layout\">\n            <div class=\"u-layout-row\">\n              <div class=\"u-container-style u-layout-cell u-shape-rectangle u-size-60 u-size-60-md u-layout-cell-1\">\n                <div class=\"u-container-layout u-valign-top-lg u-valign-top-md u-valign-top-sm u-valign-top-xl u-container-layout-1\">\n                  <div class=\"u-align-left u-container-align-left u-container-style u-expanded-width-xs u-group u-white u-group-1\">\n                    <div class=\"u-container-layout u-container-layout-2\">\n                      <div class=\"u-clearfix u-custom-html u-expanded-width u-custom-html-1\">\n                        <style> \/* Wszystkie obrazki w tre\u015bci instytucji \u2013 responsywne *\/\n.widget__item img {\n  max-width: 100% !important;\n  height: auto !important;\n  display: block;\n}\n\/* Mobile \u2013 pe\u0142na szeroko\u015b\u0107 kolumny *\/\n@media (max-width: 768px) {\n  .widget__item img {\n    width: 100% !important;\n  }\n  \/* \u017ceby strong \/ link nie psu\u0142 uk\u0142adu *\/\n  .widget__item a,\n  .widget__item strong {\n    display: block;\n  }\n  \/* popraw \u0142amanie d\u0142ugich maili i link\u00f3w *\/\n  .widget__item a {\n    overflow-wrap: anywhere;\n    word-break: break-word;\n  }\n} <\/style>\n                        <div class=\"container-fluid\">\n                          <div class=\"row\">\n                            <div class=\"col-12\" vocab=\"https:\/\/schema.org\/\" typeof=\"Organization\">\n                              <div class=\"widget__item\" tabindex=\"0\">\n                                <p class=\"mb-4\" property=\"description\"><\/p>\n                                <h1>\n                                  <strong>Archiwum Archidiecezjalne Lubelskie<\/strong>\n                                <\/h1>\n                                <p>\n                                  <a href=\"http:\/\/www.archiwum.diecezja.lublin.pl\/\" rel=\"noopener noreferrer\" target=\"_blank\" style=\"color: rgb(0, 0, 0);\">\n                                    <img loading=\"lazy\" decoding=\"async\" src=\"https:\/\/new.archidiecezjalubelska.pl\/wp-content\/uploads\/2025\/06\/Nowyprojekt9.jpg\" alt=\"aal-str\" height=\"376\" width=\"1000\">\n                                  <\/a>\n                                <\/p>\n                                <h3>\n                                  <strong><\/strong>\n                                <\/h3>\n                                <h3>\n                                  <strong style=\"color: rgb(51, 51, 153);\">Archiwum Archidiecezjalne Lubelskie<\/strong>\n                                <\/h3>\n                                <p>ul. Prymasa Stefana Wyszy\u0144skiego 2, 20-105 Lublin<\/p>\n                                <p>\n                                  <a href=\"http:\/\/www.archiwum.diecezja.lublin.pl\/\" rel=\"noopener noreferrer\" target=\"_blank\" style=\"color: rgb(0, 0, 128);\">www.archiwum.diecezja.lublin.pl<\/a>\n                                <\/p>\n                                <p><\/p>\n                                <p>\n                                  <strong>Dzia\u0142 historyczny:<\/strong>\n                                <\/p>\n                                <p>tel. 81 532 10 58, w. 335<\/p>\n                                <p>e-mail: <a href=\"mailto:archiwum@diecezja.lublin.pl\" rel=\"noopener noreferrer\" target=\"_blank\" style=\"color: rgb(0, 0, 128);\">archiwum@diecezja.lublin.pl<\/a>\n                                <\/p>\n                                <p>\n                                  <strong>Dzia\u0142 metrykalny:<\/strong>\n                                <\/p>\n                                <p>tel. 81 532 10 58, w. 334<\/p>\n                                <p>e-mail: <a href=\"mailto:metryki@diecezja.lublin.pl\" rel=\"noopener noreferrer\" target=\"_blank\" style=\"color: rgb(0, 0, 128);\">metryki@diecezja.lublin.pl<\/a>\n                                <\/p>\n                                <p><\/p>\n                                <p>\n                                  <strong>Dyrektor:<\/strong>\n                                <\/p>\n                                <p>\n                                  <em>ks. dr hab. Jaros\u0142aw Marczewski<\/em>\n                                <\/p>\n                                <p><\/p>\n                              <\/div>\n                            <\/div>\n                          <\/div>\n                        <\/div>\n                      <\/div>\n                    <\/div>\n                  <\/div>\n                <\/div>\n              <\/div>\n            <\/div>\n          <\/div>\n        <\/div>\n      <\/div>\n    <\/section>\n    \n    \n    \n    \n  \n<\/div>","protected":false},"excerpt":{"rendered":"<p>Archiwum Archidiecezjalne Lubelskie Archiwum Archidiecezjalne Lubelskie ul. Prymasa Stefana Wyszy\u0144skiego 2, 20-105 Lublin www.archiwum.diecezja.lublin.pl Dzia\u0142 historyczny: tel. 81 532 10 58, w. 335 e-mail: archiwum@diecezja.lublin.pl Dzia\u0142 metrykalny: tel. 81 532 10 58, w. 334 e-mail: metryki@diecezja.lublin.pl Dyrektor: ks. dr hab. Jaros\u0142aw Marczewski<\/p>\n","protected":false},"author":1,"featured_media":0,"parent":0,"menu_order":0,"comment_status":"closed","ping_status":"closed","template":"","meta":{"footnotes":""},"class_list":["post-509","page","type-page","status-publish","hentry"],"_links":{"self":[{"href":"https:\/\/new.archidiecezjalubelska.pl\/index.php\/wp-json\/wp\/v2\/pages\/509","targetHints":{"allow":["GET"]}}],"collection":[{"href":"https:\/\/new.archidiecezjalubelska.pl\/index.php\/wp-json\/wp\/v2\/pages"}],"about":[{"href":"https:\/\/new.archidiecezjalubelska.pl\/index.php\/wp-json\/wp\/v2\/types\/page"}],"author":[{"embeddable":true,"href":"https:\/\/new.archidiecezjalubelska.pl\/index.php\/wp-json\/wp\/v2\/users\/1"}],"replies":[{"embeddable":true,"href":"https:\/\/new.archidiecezjalubelska.pl\/index.php\/wp-json\/wp\/v2\/comments?post=509"}],"version-history":[{"count":9,"href":"https:\/\/new.archidiecezjalubelska.pl\/index.php\/wp-json\/wp\/v2\/pages\/509\/revisions"}],"predecessor-version":[{"id":67042,"href":"https:\/\/new.archidiecezjalubelska.pl\/index.php\/wp-json\/wp\/v2\/pages\/509\/revisions\/67042"}],"wp:attachment":[{"href":"https:\/\/new.archidiecezjalubelska.pl\/index.php\/wp-json\/wp\/v2\/media?parent=509"}],"curies":[{"name":"wp","href":"https:\/\/api.w.org\/{rel}","templated":true}]}}