{"id":650,"date":"2025-05-25T13:15:46","date_gmt":"2025-05-25T11:15:46","guid":{"rendered":"http:\/\/hosting2545269.online.pro\/autoinstalator\/wordpress6\/?page_id=650"},"modified":"2026-03-26T10:24:16","modified_gmt":"2026-03-26T09:24:16","slug":"ochrona-danych-osobowych","status":"publish","type":"page","link":"https:\/\/new.archidiecezjalubelska.pl\/index.php\/ochrona-danych-osobowych\/","title":{"rendered":"Ochrona danych osobowych"},"content":{"rendered":"<div class=\"woocommerce\">\n    \n    <section class=\"u-clearfix u-white u-section-2\" id=\"sec-0de1\">\n      <div class=\"u-clearfix u-sheet u-valign-middle-lg u-valign-middle-md u-valign-middle-sm u-sheet-1\">\n        <div class=\"data-layout-selected u-clearfix u-expanded-width-xs u-layout-wrap u-layout-wrap-1\">\n          <div class=\"u-gutter-0 u-layout\" style=\"\">\n            <div class=\"u-layout-row\" style=\"\">\n              <div class=\"u-container-style u-layout-cell u-shape-rectangle u-size-60 u-size-60-md u-layout-cell-1\">\n                <div class=\"u-container-layout u-valign-top-lg u-valign-top-md u-valign-top-sm u-valign-top-xs u-container-layout-1\">\n                  <div class=\"custom-expanded u-align-left u-container-align-left u-container-style u-group u-white u-group-1\">\n                    <div class=\"u-container-layout u-container-layout-2\">\n                      <div class=\"u-container-style u-custom-color-12 u-expanded-width u-group u-group-2\">\n                        <div class=\"u-container-layout u-valign-middle u-container-layout-3\">\n                          <h5 class=\"u-custom-font u-font-merriweather u-text u-text-black u-text-default u-text-1\"> Ochrona danych osobowych:<\/h5>\n                        <\/div>\n                      <\/div>\n                      <h5 class=\"u-custom-font u-font-merriweather u-text u-text-2\"> Inspektorzy Ochrony Danych Osobowych:<br>\n                        <br>ks. dr&nbsp;Adam Jaszcz<br>e-mail: <a href=\"mailto:kiod@diecezja.lublin.pl\" class=\"u-active-none u-border-none u-btn u-button-link u-button-style u-hover-none u-none u-text-palette-1-base u-btn-1\">kiod@diecezja.lublin.pl<\/a>\n                        <br>\n                        <br>mec.&nbsp;Kalina Iracka<br>e-mail: <a href=\"mailto:iod@diecezja.lublin.pl\" class=\"u-active-none u-border-none u-btn u-button-link u-button-style u-hover-none u-none u-text-palette-1-base u-btn-2\">iod@diecezja.lublin.pl<\/a>\n                      <\/h5>\n                    <\/div>\n                  <\/div>\n                  <div class=\"custom-expanded u-align-justify u-container-align-left u-container-style u-group u-white u-group-3\">\n                    <div class=\"u-container-layout u-valign-top u-container-layout-4\">\n                      <div class=\"u-container-style u-custom-color-12 u-expanded-width u-group u-group-4\">\n                        <div class=\"u-container-layout u-valign-middle u-container-layout-5\">\n                          <h5 class=\"u-custom-font u-font-merriweather u-text u-text-black u-text-default u-text-3\"> Dekret og\u00f3lny w sprawie ochrony os\u00f3b fizycznych w zwi\u0105zku z przetwarzaniem danych osobowych w Ko\u015bciele katolickim [KEP 13.03.2018]:<\/h5>\n                        <\/div>\n                      <\/div>\n                      <h5 class=\"u-custom-font u-font-merriweather u-text u-text-4\"> Osoby, kt\u00f3rych dane dotycz\u0105, mog\u0105 kontaktowa\u0107 si\u0119 z inspektorem ochrony danych we wszystkich sprawach zwi\u0105zanych z przetwarzaniem ich danych osobowych oraz z wykonywaniem praw przys\u0142uguj\u0105cych im na mocy niniejszego dekretu&nbsp;[art. 31 pkt 4].<br>\n                        <br>Do zada\u0144 inspektora ochrony danych nale\u017cy:<br>\n                        <br>1)&nbsp; informowanie administratora, podmiotu przetwarzaj\u0105cego oraz pracownik\u00f3w, kt\u00f3rzy przetwarzaj\u0105 dane osobowe, o spoczywaj\u0105cych na nich obowi\u0105zkach w zakresie ochrony danych i doradzanie im w tej sprawie;<br>2) monitorowanie przestrzegania niniejszego dekretu oraz polityk administratora lub podmiotu przetwarzaj\u0105cego w dziedzinie ochrony danych osobowych, w tym podzia\u0142 obowi\u0105zk\u00f3w, dzia\u0142ania zwi\u0119kszaj\u0105ce \u015bwiadomo\u015b\u0107, szkolenia personelu uczestnicz\u0105cego w operacjach przetwarzania oraz powi\u0105zane z tym audyty;<br>3)&nbsp; &nbsp;wsp\u00f3\u0142praca z Ko\u015bcielnym Inspektorem Ochrony Danych;<br>4)&nbsp; pe\u0142nienie funkcji punktu kontaktowego dla Ko\u015bcielnego Inspektora Ochrony Danych w kwestiach zwi\u0105zanych z przetwarzaniem oraz w stosownych przypadkach prowadzenie konsultacji we wszelkich innych sprawach&nbsp;[art. 32].\n                      <\/h5>\n                    <\/div>\n                  <\/div>\n                  <div class=\"custom-expanded u-align-justify u-container-align-left u-container-style u-group u-white u-group-5\">\n                    <div class=\"u-container-layout u-valign-top u-container-layout-6\">\n                      <div class=\"u-container-style u-custom-color-12 u-expanded-width u-group u-group-6\">\n                        <div class=\"u-container-layout u-valign-middle u-container-layout-7\">\n                          <h5 class=\"u-custom-font u-font-merriweather u-text u-text-black u-text-default u-text-5\"> Klauzula Informacyjna \u2013&nbsp;<b>monitoring:<\/b>\n                          <\/h5>\n                        <\/div>\n                      <\/div>\n                      <h5 class=\"u-custom-font u-font-merriweather u-text u-text-6\"> Informacje o przetwarzaniu danych w systemie monitorowania<br>\n                        <br>Zgodnie z art. 13 ust. 1 i ust. 2 Rozporz\u0105dzenia Parlamentu Europejskiego i Rady (UE) 2016\/679 z dnia 27 kwietnia 2016 r. w sprawie ochrony os\u00f3b fizycznych w zwi\u0105zku z przetwarzaniem danych osobowych i w sprawie swobodnego przep\u0142ywu takich danych oraz uchylenia dyrektywy 95\/46\/WE (og\u00f3lne rozporz\u0105dzenie o ochronie danych \u2013 dalej RODO) informuj\u0119, i\u017c:<br>\n                        <br>Administratorem danych osobowych pozyskanych z systemu monitoringu jest Archidiecezja Lubelsk\u0105 z siedzib\u0105 w Lublinie przy ul. Prymasa Stefana Wyszy\u0144skiego 2, 20-950 Lublin, NIP&nbsp; 9461834357, REGON 040014525, tel. +48 81 532 10 58.<br>\n                        <br>Z inspektorem ochrony danych mo\u017cna si\u0119 skontaktowa\u0107 pod numerem telefonu: 504052029, e-mail:&nbsp;<a href=\"mailto:iod@diecezja.lublin.pl\" class=\"u-active-none u-border-none u-btn u-button-style u-hover-none u-none u-text-palette-1-base u-btn-3\">iod@diecezja.lublin.pl<\/a>.<br>\n                        <br>Twoje dane osobowe przetwarzane b\u0119d\u0105 w celu zapewnienia bezpiecze\u0144stwa os\u00f3b, mienia oraz dobre imi\u0119 administratora danych osobowych na podstawie art. 6 ust 1 pkt f RODO.<br>\n                        <br>Monitoring obejmuje siedziby: Arcybiskupa Lubelskiego i Kurii Metropolitalnej w Lublinie, Archiwum Metropolitalne, Centrum Inicjatyw Ekonomicznych Fides oraz teren wok\u00f3\u0142.<br>\n                        <br>Odbiorc\u0105 Twoich danych osobowych b\u0119d\u0105 podmioty upowa\u017cnione do przetwarzania na podstawie umowy powierzenia danych w w\/w celu oraz mog\u0105 by\u0107 przekazywane podmiotom upowa\u017cnionym na podstawie przepis\u00f3w prawa.<br>\n                        <br>Twoje dane osobowe nie b\u0119d\u0105 przekazywane do pa\u0144stwa trzeciego\/organizacji mi\u0119dzynarodowej.<br>\n                        <br>Zapisy z monitoringu b\u0119d\u0105 przechowywane przez Archidiecezj\u0119 Lubelsk\u0105 z siedzib\u0105 w Lublinie przez okres 3 miesi\u0105ce.<br>\n                        <br>Osoba zarejestrowana przez system monitoringu ma prawo dost\u0119pu do swoich danych oraz prawo ich ograniczenia przetwarzania, a tak\u017ce prawo wniesienia skargi do organu nadzoru (Prezesa Urz\u0119du Ochrony Danych Osobowych z siedzib\u0105 w Warszawie przy ul. Stawki 2, 00-193 Warszawa), gdy uzna, i\u017c przetwarzanie danych osobowych jej dotycz\u0105cych narusza przepisy og\u00f3lnego rozporz\u0105dzenia o ochronie danych osobowych lub przepisy krajowe dotycz\u0105ce ochrony danych osobowych.<br>\n                        <br>Twoje dane nie b\u0119d\u0105 przetwarzane w spos\u00f3b zautomatyzowany, w tym w formie profilowania.\n                      <\/h5>\n                    <\/div>\n                  <\/div>\n                <\/div>\n              <\/div>\n            <\/div>\n          <\/div>\n        <\/div>\n      <\/div>\n    <\/section>\n    \n    \n    \n    \n  \n<\/div>","protected":false},"excerpt":{"rendered":"<p>Ochrona danych osobowych: Inspektorzy Ochrony Danych Osobowych: ks. dr&nbsp;Adam Jaszcze-mail: kiod@diecezja.lublin.pl mec.&nbsp;Kalina Irackae-mail: iod@diecezja.lublin.pl Dekret og\u00f3lny w sprawie ochrony os\u00f3b fizycznych w zwi\u0105zku z przetwarzaniem danych osobowych w Ko\u015bciele katolickim [KEP 13.03.2018]: Osoby, kt\u00f3rych dane dotycz\u0105, mog\u0105 kontaktowa\u0107 si\u0119 z inspektorem ochrony danych we wszystkich sprawach zwi\u0105zanych z przetwarzaniem ich danych osobowych oraz z wykonywaniem &hellip; <a href=\"https:\/\/new.archidiecezjalubelska.pl\/index.php\/ochrona-danych-osobowych\/\" class=\"more-link\">Continue reading<span class=\"screen-reader-text\"> &#8220;Ochrona danych osobowych&#8221;<\/span><\/a><\/p>\n","protected":false},"author":1,"featured_media":0,"parent":0,"menu_order":0,"comment_status":"closed","ping_status":"closed","template":"","meta":{"footnotes":""},"class_list":["post-650","page","type-page","status-publish","hentry"],"_links":{"self":[{"href":"https:\/\/new.archidiecezjalubelska.pl\/index.php\/wp-json\/wp\/v2\/pages\/650","targetHints":{"allow":["GET"]}}],"collection":[{"href":"https:\/\/new.archidiecezjalubelska.pl\/index.php\/wp-json\/wp\/v2\/pages"}],"about":[{"href":"https:\/\/new.archidiecezjalubelska.pl\/index.php\/wp-json\/wp\/v2\/types\/page"}],"author":[{"embeddable":true,"href":"https:\/\/new.archidiecezjalubelska.pl\/index.php\/wp-json\/wp\/v2\/users\/1"}],"replies":[{"embeddable":true,"href":"https:\/\/new.archidiecezjalubelska.pl\/index.php\/wp-json\/wp\/v2\/comments?post=650"}],"version-history":[{"count":9,"href":"https:\/\/new.archidiecezjalubelska.pl\/index.php\/wp-json\/wp\/v2\/pages\/650\/revisions"}],"predecessor-version":[{"id":66529,"href":"https:\/\/new.archidiecezjalubelska.pl\/index.php\/wp-json\/wp\/v2\/pages\/650\/revisions\/66529"}],"wp:attachment":[{"href":"https:\/\/new.archidiecezjalubelska.pl\/index.php\/wp-json\/wp\/v2\/media?parent=650"}],"curies":[{"name":"wp","href":"https:\/\/api.w.org\/{rel}","templated":true}]}}