{"id":654,"date":"2025-05-25T13:16:05","date_gmt":"2025-05-25T11:16:05","guid":{"rendered":"http:\/\/hosting2545269.online.pro\/autoinstalator\/wordpress6\/?page_id=654"},"modified":"2026-04-13T09:59:15","modified_gmt":"2026-04-13T07:59:15","slug":"dokumenty","status":"publish","type":"page","link":"https:\/\/new.archidiecezjalubelska.pl\/index.php\/dokumenty\/","title":{"rendered":"Dokumenty"},"content":{"rendered":"<div class=\"woocommerce\">\n    \n    <section class=\"u-clearfix u-white u-section-2\" id=\"sec-44be\">\n      <div class=\"u-clearfix u-sheet u-valign-middle-lg u-valign-middle-md u-valign-middle-sm u-sheet-1\">\n        <div class=\"data-layout-selected u-clearfix u-expanded-width-xs u-layout-wrap u-layout-wrap-1\">\n          <div class=\"u-gutter-0 u-layout\" style=\"\">\n            <div class=\"u-layout-row\" style=\"\">\n              <div class=\"u-container-style u-layout-cell u-shape-rectangle u-size-60 u-size-60-md u-layout-cell-1\">\n                <div class=\"u-container-layout u-valign-top-lg u-valign-top-md u-valign-top-sm u-valign-top-xs u-container-layout-1\">\n                  <div class=\"custom-expanded u-align-left u-container-style u-group u-white u-group-1\">\n                    <div class=\"u-container-layout u-container-layout-2\">\n                      <div class=\"u-container-style u-custom-color-12 u-expanded-width u-group u-group-2\">\n                        <div class=\"u-container-layout u-valign-middle u-container-layout-3\">\n                          <h5 class=\"u-custom-font u-font-merriweather u-text u-text-black u-text-default u-text-1\"> III SYNOD ARCHIDIECEZJI LUBELSKIEJ&nbsp;\u2013 2025<\/h5>\n                        <\/div>\n                      <\/div>\n                      <img decoding=\"async\" class=\"u-image u-image-default u-image-1\" src=\"https:\/\/archidiecezjalubelska.pl\/wp-content\/uploads\/2025\/11\/III_Synod_AL_Okl2-719x1024.jpg\" alt=\"\" data-image-width=\"719\" data-image-height=\"1024\">\n                      <h5 class=\"u-custom-font u-font-merriweather u-text u-text-black u-text-2\">\n                        <a href=\"https:\/\/new.archidiecezjalubelska.pl\/wp-content\/uploads\/2025\/06\/III_Synod_AL_book_s_1526.pdf\" class=\"u-active-none u-border-none u-btn u-button-link u-button-style u-file-link u-hover-none u-none u-text-palette-1-base u-btn-1\"> III SYNOD ARCHIDIECEZJI LUBELSKIEJ<\/a>\n                      <\/h5>\n                      <h5 class=\"u-custom-font u-font-merriweather u-text u-text-3\">Ko\u015bci\u00f3\u0142 \u2013 dom i szko\u0142a komunii 2021-2025 <\/h5>\n                      <h5 class=\"u-custom-font u-font-merriweather u-text u-text-4\">Wydawnictwo Archidiecezji Lubelskiej \u201eGaudium\u201d Lublin 2025 <\/h5>\n                      <h5 class=\"u-custom-font u-font-merriweather u-text u-text-5\">\n                        <a class=\"u-active-none u-border-none u-btn u-button-link u-button-style u-file-link u-hover-none u-none u-text-palette-1-base u-btn-2\" href=\"https:\/\/new.archidiecezjalubelska.pl\/wp-content\/uploads\/2025\/06\/III_Synod_AL_book_s_1526.pdf\"> [ e-book \u2013 pdf \u2013 ca\u0142o\u015b\u0107 ]<\/a>\n                      <\/h5>\n                      <h5 class=\"u-custom-font u-font-merriweather u-text u-text-6\"> ROZDZIA\u0141Y \u2013 TEMATY&nbsp; [ wydzielone pliki pdf ]<\/h5>\n                      <h5 class=\"u-custom-font u-font-merriweather u-text u-text-7\">\n                        <a href=\"https:\/\/new.archidiecezjalubelska.pl\/wp-content\/uploads\/2025\/06\/III_Synod_AL_s_114.pdf\" class=\"u-active-none u-border-none u-btn u-button-link u-button-style u-file-link u-hover-none u-none u-text-palette-1-base u-btn-3\">Wprowadzenie<\/a>&nbsp;\u2013 s. 1-14 \n                      <\/h5>\n                      <h5 class=\"u-custom-font u-font-merriweather u-text u-text-8\"><span style=\"padding: 0px;\">\n                          <a href=\"https:\/\/new.archidiecezjalubelska.pl\/wp-content\/uploads\/2025\/06\/III_Synod_AL_s_15125.pdf\" class=\"u-active-none u-border-none u-btn u-button-link u-button-style u-file-link u-hover-none u-none u-text-palette-1-base u-btn-4\" target=\"_blank\">Cz\u0119\u015b\u0107 I.&nbsp;Odnowi\u0107 oblicze Ko\u015bcio\u0142a. Owoce synodalnej refleksji<\/a><\/span>&nbsp;\u2013 s. 15-125 \n                      <\/h5>\n                      <h5 class=\"u-custom-font u-font-merriweather u-text u-text-9\"> Cz\u0119\u015b\u0107 II.&nbsp;Prawo partykularne archidiecezji lubelskiej&nbsp;\u2013 s. 127-270<\/h5>\n                      <h5 class=\"u-custom-font u-font-merriweather u-text u-text-10\">\n                        <a href=\"https:\/\/new.archidiecezjalubelska.pl\/wp-content\/uploads\/2025\/06\/III_Synod_AL_s_127138.pdf\" class=\"u-active-none u-border-none u-btn u-button-link u-button-style u-file-link u-hover-none u-none u-text-palette-1-base u-btn-5\" target=\"_blank\"><span style=\"padding: 0px;\">I.&nbsp;<\/span><span style=\"padding: 0px;\">Archidiecezja i jej urz\u0119dy centralne<\/span>\n                        <\/a>&nbsp;\u2013 s. 127-138, art. 1-59\n                      <\/h5>\n                      <h5 class=\"u-custom-font u-font-merriweather u-text u-text-11\">\n                        <a href=\"https:\/\/new.archidiecezjalubelska.pl\/wp-content\/uploads\/2025\/06\/III_Synod_AL_s_138189.pdf\" class=\"u-active-none u-border-none u-btn u-button-link u-button-style u-file-link u-hover-none u-none u-text-palette-1-base u-btn-6\" target=\"_blank\"><span style=\"padding: 0px;\">II.&nbsp;Duchowie\u0144stwo. Instytuty \u017cycia konsekrowanego.<\/span>\n                          <br><span style=\"padding: 0px;\">Stowarzyszenia \u017cycia apostolskiego. Wierni \u015bwieccy<\/span>\n                        <\/a>&nbsp;\u2013 s. 138-189, art. 60-392\n                      <\/h5>\n                      <h5 class=\"u-custom-font u-font-merriweather u-text u-text-12\">\n                        <a href=\"https:\/\/new.archidiecezjalubelska.pl\/wp-content\/uploads\/2025\/06\/III_Synod_AL_s_190261.pdf\" class=\"u-active-none u-border-none u-btn u-button-link u-button-style u-file-link u-hover-none u-none u-text-palette-1-base u-btn-7\" target=\"_blank\"><span style=\"padding: 0px;\">III.&nbsp;<\/span><span style=\"padding: 0px;\">Nauczanie i u\u015bwi\u0119canie<\/span>\n                        <\/a>&nbsp;\u2013 s. 190-261, art. 393-850\n                      <\/h5>\n                      <ul class=\"u-custom-font u-font-merriweather u-text u-text-13\">\n                        <li> Pos\u0142uga nauczania \u2013 s. 190-201, art. 393-474<\/li>\n                        <li>Pos\u0142uga u\u015bwi\u0119cania \u2013 s. 202-261, art. 475-850<\/li>\n                        <li>Chrzest \u2013 s. 202-212, art. 475-524<\/li>\n                        <li>Bierzmowanie \u2013 213-219, art. 525-566<\/li>\n                        <li>Eucharystia \u2013 s. 220- 233, art. 567-657<\/li>\n                        <li>Pokuta i pojednanie \u2013 s. 233-236, art. 658-681<\/li>\n                        <li>Namaszczenie chorych \u2013 s. 237-240, art. 682-705<\/li>\n                        <li>\u015awi\u0119cenia \u2013 s. 240-244, art. 706-731<\/li>\n                        <li>Ma\u0142\u017ce\u0144stwo i duszpasterstwo rodzin \u2013 s. 245-251, art. 732-766<\/li>\n                        <li>Sakramentalia, inne akty kultu Bo\u017cego, czasy i miejsca \u015bwi\u0119te \u2013 s. 251-261, art. 767-850<\/li>\n                      <\/ul>\n                      <h5 class=\"u-custom-font u-font-merriweather u-text u-text-14\">\n                        <a href=\"https:\/\/new.archidiecezjalubelska.pl\/wp-content\/uploads\/2025\/06\/III_Synod_AL_s_262270.pdf\" class=\"u-active-none u-border-none u-btn u-button-link u-button-style u-file-link u-hover-none u-none u-text-palette-1-base u-btn-8\" target=\"_blank\"><span style=\"padding: 0px;\">IV.&nbsp;Zasady zarz\u0105dzania dobrami ko\u015bcielnymi<\/span>\n                        <\/a>, s. 262-270, art. 851-903\n                      <\/h5>\n                      <h5 class=\"u-custom-font u-font-merriweather u-text u-text-15\">\n                        <a href=\"https:\/\/new.archidiecezjalubelska.pl\/wp-content\/uploads\/2025\/06\/III_Synod_AL_s_271440.pdf\" class=\"u-active-none u-border-none u-btn u-button-link u-button-style u-file-link u-hover-none u-none u-text-palette-1-base u-btn-9\" target=\"_blank\"><span style=\"padding: 0px;\">Cz\u0119\u015b\u0107 III.&nbsp;<\/span><span style=\"padding: 0px;\">Statuty i regulaminy<\/span>\n                        <\/a>&nbsp;\u2013 s. 271-440\n                      <\/h5>\n                      <ul class=\"u-custom-font u-font-merriweather u-text u-text-16\">\n                        <li> Statut Rady Kap\u0142a\u0144skiej Archidiecezji Lubelskiej \u2013 s. 271<\/li>\n                        <li>Statut Kolegium Konsultor\u00f3w Archidiecezji Lubelskiej \u2013 s. 277<\/li>\n                        <li>Statut Archidiecezjalnej Rady Duszpasterskiej \u2013 s. 280<\/li>\n                        <li>Statut Archidiecezjalnej Rady ds. Ekonomicznych \u2013 s. 283<\/li>\n                        <li>Statut Lubelskiej Kapitu\u0142y Archikatedralnej \u2013 s. 285<\/li>\n                        <li>Statut Kapitu\u0142y Kolegiackiej Che\u0142mskiej \u2013 s. 294<\/li>\n                      <\/ul>\n                      <ul class=\"u-custom-font u-font-merriweather u-text u-text-17\">\n                        <li> Obrz\u0119dy instalacji kanonik\u00f3w \u2013 s. 302<\/li>\n                      <\/ul>\n                      <ul class=\"u-custom-font u-font-merriweather u-text u-text-18\">\n                        <li> Obrz\u0119d wprowadzenia nowego proboszcza w pos\u0142ugiwanie w parafii [z udzia\u0142em biskupa] \u2013 s. 308<\/li>\n                        <li>Statut Domu Ksi\u0119\u017cy Archidiecezji Lubelskiej \u2013 s. 314<\/li>\n                        <li>Statut Parafialnej Rady Duszpasterskiej \u2013 s. 317<\/li>\n                      <\/ul>\n                      <ul class=\"u-custom-font u-font-merriweather u-text u-text-19\">\n                        <li> Regulamin wybor\u00f3w do Parafialnych Rad Duszpasterskich \u2013 s. 322<\/li>\n                      <\/ul>\n                      <ul class=\"u-custom-font u-font-merriweather u-text u-text-20\">\n                        <li> Statut Caritas Archidiecezji Lubelskiej&nbsp;z dnia 27 wrze\u015bnia 2022 roku&nbsp; \u2013 s. 325<\/li>\n                      <\/ul>\n                      <ul class=\"u-custom-font u-font-merriweather u-text u-text-21\">\n                        <li> Regulamin Szkolnego Ko\u0142a Caritas \u2013 s. 354<\/li>\n                        <li>Regulamin Parafialnych Zespo\u0142\u00f3w Caritas w Archidiecezji Lubelskiej \u2013 s. 361<\/li>\n                        <li>Regulamin organizacji zbi\u00f3rek pieni\u0119dzy na rzecz os\u00f3b potrzebuj\u0105cych na terenie archidiecezji lubelskiej \u2013 s. 370<\/li>\n                      <\/ul>\n                      <ul class=\"u-custom-font u-font-merriweather u-text u-text-22\">\n                        <li> Regulamin parafii partnerskich w archidiecezji lubelskiej \u2013 s. 371<\/li>\n                        <li>Regulamin S\u0105du Metropolitalnego Lubelskiego \u2013 s. 374<\/li>\n                        <li>Statut Archidiecezjalnej Komisji ds. Liturgii i Duszpasterstwa Liturgicznego \u2013 s. 400<\/li>\n                        <li>Regulamin Archidiecezjalnej Komisji ds. Muzyki Ko\u015bcielnej Archidiecezji Lubelskiej \u2013 s. 404<\/li>\n                        <li>Status organisty w archidiecezji lubelskiej \u2013 s. 410<\/li>\n                        <li>Status Dekanalnego Duszpasterza Liturgicznej S\u0142u\u017cby O\u0142tarza w Archidiecezji Lubelskiej \u2013 s. 424<\/li>\n                        <li>Zasady ochrony dzieci i m\u0142odzie\u017cy w archidiecezji lubelskiej \u2013 s. 427<\/li>\n                        <li>Instrukcja o prowadzeniu kancelarii parafialnej w archidiecezji lubelskiej \u2013 s. 436<\/li>\n                      <\/ul>\n                      <h5 class=\"u-custom-font u-font-merriweather u-text u-text-23\">\n                        <a href=\"https:\/\/new.archidiecezjalubelska.pl\/wp-content\/uploads\/2025\/06\/III_Synod_AL_s_441526.pdf\" class=\"u-active-none u-border-none u-btn u-button-link u-button-style u-file-link u-hover-none u-none u-text-palette-1-base u-btn-10\" target=\"_blank\"><span style=\"padding: 0px;\">Aneks.&nbsp;<\/span><span style=\"padding: 0px;\">Dokumentacja prac synodalnych<\/span>\n                        <\/a>&nbsp;\u2013 s. 441-509 \n                      <\/h5>\n                      <h5 class=\"u-custom-font u-font-merriweather u-text u-text-24\">\n                        <a href=\"https:\/\/pliki.diecezja.lublin.pl\/formularze\/\" class=\"u-active-none u-border-none u-btn u-button-link u-button-style u-hover-none u-none u-text-palette-1-base u-btn-11\" target=\"_blank\"><span style=\"padding: 0px;\">Formularze<\/span>\n                        <\/a>\n                      <\/h5>\n                      <h5 class=\"u-custom-font u-font-merriweather u-text u-text-25\">\n                        <a href=\"http:\/\/diecezja.lublin.pl\/prawo\/synod_1985\/\" class=\"u-active-none u-border-none u-btn u-button-link u-button-style u-hover-none u-none u-text-palette-1-base u-btn-12\" target=\"_blank\"><span style=\"padding: 0px;\">II&nbsp;<\/span><span style=\"padding: 0px;\">Synod Diecezji Lubelskiej \u2013 1985<\/span>\n                        <\/a>\n                      <\/h5>\n                      <h5 class=\"u-custom-font u-font-merriweather u-text u-text-26\">\n                        <a href=\"http:\/\/diecezja.lublin.pl\/prawo\/synod_1928\/\" class=\"u-active-none u-border-none u-btn u-button-link u-button-style u-hover-none u-none u-text-palette-1-base u-btn-13\" target=\"_blank\"><span style=\"padding: 0px;\">I&nbsp;<\/span><span style=\"padding: 0px;\">Synod Diecezji Lubelskiej \u2013 1928<\/span>\n                        <\/a>\n                      <\/h5>\n                    <\/div>\n                  <\/div>\n                  <div class=\"custom-expanded u-container-style u-custom-color-12 u-group u-group-3\">\n                    <div class=\"u-container-layout u-valign-middle u-container-layout-4\">\n                      <h5 class=\"u-custom-font u-font-merriweather u-text u-text-black u-text-default u-text-27\"> I i II SYNOD DIECEZJALNY<\/h5>\n                    <\/div>\n                  <\/div>\n                <\/div>\n              <\/div>\n            <\/div>\n          <\/div>\n        <\/div>\n      <\/div>\n    <\/section>\n    \n    \n    \n    \n  \n<\/div>","protected":false},"excerpt":{"rendered":"<p>III SYNOD ARCHIDIECEZJI LUBELSKIEJ&nbsp;\u2013 2025 III SYNOD ARCHIDIECEZJI LUBELSKIEJ Ko\u015bci\u00f3\u0142 \u2013 dom i szko\u0142a komunii 2021-2025 Wydawnictwo Archidiecezji Lubelskiej \u201eGaudium\u201d Lublin 2025 [ e-book \u2013 pdf \u2013 ca\u0142o\u015b\u0107 ] ROZDZIA\u0141Y \u2013 TEMATY&nbsp; [ wydzielone pliki pdf ] Wprowadzenie&nbsp;\u2013 s. 1-14 Cz\u0119\u015b\u0107 I.&nbsp;Odnowi\u0107 oblicze Ko\u015bcio\u0142a. Owoce synodalnej refleksji&nbsp;\u2013 s. 15-125 Cz\u0119\u015b\u0107 II.&nbsp;Prawo partykularne archidiecezji lubelskiej&nbsp;\u2013 s. &hellip; <a href=\"https:\/\/new.archidiecezjalubelska.pl\/index.php\/dokumenty\/\" class=\"more-link\">Continue reading<span class=\"screen-reader-text\"> &#8220;Dokumenty&#8221;<\/span><\/a><\/p>\n","protected":false},"author":1,"featured_media":0,"parent":0,"menu_order":0,"comment_status":"closed","ping_status":"closed","template":"","meta":{"footnotes":""},"class_list":["post-654","page","type-page","status-publish","hentry"],"_links":{"self":[{"href":"https:\/\/new.archidiecezjalubelska.pl\/index.php\/wp-json\/wp\/v2\/pages\/654","targetHints":{"allow":["GET"]}}],"collection":[{"href":"https:\/\/new.archidiecezjalubelska.pl\/index.php\/wp-json\/wp\/v2\/pages"}],"about":[{"href":"https:\/\/new.archidiecezjalubelska.pl\/index.php\/wp-json\/wp\/v2\/types\/page"}],"author":[{"embeddable":true,"href":"https:\/\/new.archidiecezjalubelska.pl\/index.php\/wp-json\/wp\/v2\/users\/1"}],"replies":[{"embeddable":true,"href":"https:\/\/new.archidiecezjalubelska.pl\/index.php\/wp-json\/wp\/v2\/comments?post=654"}],"version-history":[{"count":8,"href":"https:\/\/new.archidiecezjalubelska.pl\/index.php\/wp-json\/wp\/v2\/pages\/654\/revisions"}],"predecessor-version":[{"id":66637,"href":"https:\/\/new.archidiecezjalubelska.pl\/index.php\/wp-json\/wp\/v2\/pages\/654\/revisions\/66637"}],"wp:attachment":[{"href":"https:\/\/new.archidiecezjalubelska.pl\/index.php\/wp-json\/wp\/v2\/media?parent=654"}],"curies":[{"name":"wp","href":"https:\/\/api.w.org\/{rel}","templated":true}]}}