{"id":66683,"date":"2026-04-13T10:02:11","date_gmt":"2026-04-13T08:02:11","guid":{"rendered":"https:\/\/new.archidiecezjalubelska.pl\/?page_id=66683"},"modified":"2026-04-13T10:26:52","modified_gmt":"2026-04-13T08:26:52","slug":"dokumenty-kep","status":"publish","type":"page","link":"https:\/\/new.archidiecezjalubelska.pl\/index.php\/dokumenty-kep\/","title":{"rendered":"Dokumenty KEP"},"content":{"rendered":"<div class=\"woocommerce\">\n    \n    <section class=\"u-clearfix u-white u-section-2\" id=\"sec-3901\">\n      <div class=\"u-clearfix u-sheet u-valign-middle-lg u-valign-middle-md u-valign-middle-sm u-sheet-1\">\n        <div class=\"data-layout-selected u-clearfix u-expanded-width-xs u-layout-wrap u-layout-wrap-1\">\n          <div class=\"u-gutter-0 u-layout\" style=\"\">\n            <div class=\"u-layout-row\" style=\"\">\n              <div class=\"u-container-style u-layout-cell u-shape-rectangle u-size-60 u-size-60-md u-layout-cell-1\">\n                <div class=\"u-container-layout u-valign-top u-container-layout-1\">\n                  <div class=\"custom-expanded u-align-left u-container-style u-group u-white u-group-1\">\n                    <div class=\"u-container-layout u-container-layout-2\">\n                      <div class=\"u-container-style u-custom-color-12 u-expanded-width u-group u-group-2\">\n                        <div class=\"u-container-layout u-valign-middle u-container-layout-3\">\n                          <h5 class=\"u-custom-font u-font-merriweather u-text u-text-black u-text-default u-text-1\"> Dokumenty KEP<\/h5>\n                        <\/div>\n                      <\/div>\n                      <h5 class=\"u-custom-font u-font-merriweather u-text u-text-2\"> Wybrane dokumenty Konferencji Episkopatu Polski:<\/h5>\n                      <h5 class=\"u-custom-font u-font-merriweather u-text u-text-3\">2023<\/h5>\n                      <ul class=\"u-custom-font u-font-merriweather u-text u-text-4\">\n                        <a class=\"u-active-none u-border-none u-btn u-button-link u-button-style u-hover-none u-none u-text-palette-1-base u-btn-1\" href=\"https:\/\/episkopat.pl\/wp-content\/uploads\/2023\/03\/Dekret_Ogolny_KEP_ws_wystepowania_w_mediach_2023_03_30.pdf\">\n                          <li> Dekret og\u00f3lny Konferencji Episkopatu Polski w sprawie wyst\u0119powania duchownych, cz\u0142onk\u00f3w instytut\u00f3w \u017cycia konsekrowanego, stowarzysze\u0144 \u017cycia apostolskiego oraz niekt\u00f3rych wiernych \u015bwieckich w mediach [PDF]<\/li>\n                        <\/a>\n                      <\/ul>\n                      <h5 class=\"u-custom-font u-font-merriweather u-text u-text-5\">2022<\/h5>\n                      <ul class=\"u-custom-font u-font-merriweather u-text u-text-6\">\n                        <li>\n                          <a href=\"https:\/\/new.archidiecezjalubelska.pl\/wp-content\/uploads\/2025\/06\/20220810Promemoria_chrzescijanie_niemajacypelnej_wspolnoty_z_KK.pdf\" class=\"u-active-none u-border-none u-btn u-button-link u-button-style u-file-link u-hover-none u-none u-text-palette-1-base u-btn-2\" target=\"_blank\"><span style=\"padding: 0px;\">PRO MEMORIA dotycz\u0105ce pos\u0142ug religijnych udzielanych wiernym z Ko\u015bcio\u0142\u00f3w i Wsp\u00f3lnot ko\u015bcielnych niemaj\u0105cych pe\u0142nej wsp\u00f3lnoty z Ko\u015bcio\u0142em katolickim KEP 2022<\/span>\n                          <\/a>&nbsp;\u2013 zobacz tak\u017ce \u2013&nbsp;<span style=\"padding: 0px;\">\n                            <a href=\"http:\/\/pliki.diecezja.lublin.pl\/prawo-KEP\/RP_KEP_Pro%20memoria%20mi%c4%99dzyobrz%c4%85dkowe.pdf\" class=\"u-active-none u-border-none u-btn u-button-link u-button-style u-hover-none u-none u-text-palette-1-base u-btn-3\" target=\"_blank\">dot. Ko\u015bcio\u0142\u00f3w wschodnich KEP 2018<\/a><\/span>\n                        <\/li>\n                      <\/ul>\n                      <ul class=\"u-custom-font u-font-merriweather u-text u-text-7\">\n                        <a class=\"u-active-none u-border-none u-btn u-button-link u-button-style u-hover-none u-none u-text-palette-1-base u-btn-4\" href=\"https:\/\/episkopat.pl\/wp-content\/uploads\/2022\/05\/Kodeks-Prawa-Kanonicznego_t%C5%82umaczenie_przyj%C4%99te-14.03.2022_02-na-stronie-KEP_18.05.2022.pdf\">\n                          <li> Kodeks Prawa Kanonicznego promulgowany przez papie\u017ca Jana Paw\u0142a II w dniu 25 stycznia 1983 roku, zaktualizowany przek\u0142ad na j\u0119zyk polski \u2013 stan prawny na dzie\u0144 18.05.2022 r. [PDF]<\/li>\n                        <\/a>\n                      <\/ul>\n                      <h5 class=\"u-custom-font u-font-merriweather u-text u-text-8\">2020<\/h5>\n                      <ul class=\"u-custom-font u-font-merriweather u-text u-text-9\">\n                        <a class=\"u-active-none u-border-none u-btn u-button-link u-button-style u-file-link u-hover-none u-none u-text-palette-1-base u-btn-5\" href=\"https:\/\/new.archidiecezjalubelska.pl\/wp-content\/uploads\/2025\/06\/Wskazania_KEPprzygotowanie_dziecisakrament_pokutyPierwsza_Komunia_Swieta2020.pdf\">\n                          <li> Kodeks Prawa Kanonicznego promulgowany przez papie\u017ca Jana Paw\u0142a II w dniu 25 stycznia 1983 roku, zaktualizowany przek\u0142ad na j\u0119zyk polski \u2013 stan prawny na dzie\u0144 18.05.2022 r. [PDF]<\/li>\n                        <\/a>\n                      <\/ul>\n                      <h5 class=\"u-custom-font u-font-merriweather u-text u-text-10\">2019<\/h5>\n                      <ul class=\"u-custom-font u-font-merriweather u-text u-text-11\">\n                        <a class=\"u-active-none u-border-none u-btn u-button-link u-button-style u-file-link u-hover-none u-none u-text-palette-1-base u-btn-6\" href=\"https:\/\/new.archidiecezjalubelska.pl\/wp-content\/uploads\/2025\/06\/Dekret_o_rozmowach_kanonicznych_z_narzeczonymi_8102019.pdf\">\n                          <li>Dekret og\u00f3lny Konferencji Episkopatu Polski o przeprowadzaniu rozm\u00f3w kanoniczno-duszpasterskich z narzeczonymi przed zawarciem ma\u0142\u017ce\u0144stwa kanonicznego \u2013 KEP 2019<\/li>\n                        <\/a>\n                      <\/ul>\n                      <ul class=\"u-custom-font u-font-merriweather u-text u-text-12\">\n                        <a class=\"u-active-none u-border-none u-btn u-button-link u-button-style u-file-link u-hover-none u-none u-text-palette-1-base u-btn-7\" href=\"https:\/\/new.archidiecezjalubelska.pl\/wp-content\/uploads\/2025\/06\/Dekret_o_rozmowachKompedium.pdf\">\n                          <li> Dekret og\u00f3lny Konferencji Episkopatu Polski o przeprowadzaniu rozm\u00f3w kanoniczno-duszpasterskich z narzeczonymi przed zawarciem ma\u0142\u017ce\u0144stwa kanonicznego \u2013 KOMPEDIUM<\/li>\n                        <\/a>\n                      <\/ul>\n                      <h5 class=\"u-custom-font u-font-merriweather u-text u-text-13\">2018<\/h5>\n                      <ul class=\"u-custom-font u-font-merriweather u-text u-text-14\">\n                        <a class=\"u-active-none u-border-none u-btn u-button-link u-button-style u-file-link u-hover-none u-none u-text-palette-1-base u-btn-8\" href=\"https:\/\/new.archidiecezjalubelska.pl\/wp-content\/uploads\/2025\/06\/RP_KEP_Pro_memoria_miedzyobrzadkowe.pdf\">\n                          <li> PRO MEMORIA Rady Prawnej Konferencji Episkopatu Polski, dotycz\u0105ce relacji duszpasterskich Ko\u015bcio\u0142a \u0142aci\u0144skiego z katolikami Ko\u015bcio\u0142\u00f3w wschodnich \u2013 KEP 2018<\/li>\n                        <\/a>\n                      <\/ul>\n                      <ul class=\"u-custom-font u-font-merriweather u-text u-text-15\">\n                        <a class=\"u-active-none u-border-none u-btn u-button-link u-button-style u-file-link u-hover-none u-none u-text-palette-1-base u-btn-9\" href=\"https:\/\/new.archidiecezjalubelska.pl\/wp-content\/uploads\/2025\/06\/Dekret_akt_chrztu_przysposobienie.pdf\">\n                          <li> Dekret og\u00f3lny Konferencji Episkopatu Polski dotycz\u0105cy sporz\u0105dzenia i modyfikacji aktu chrztu w zwi\u0105zku z przysposobieniem \u2013 KEP 2018<\/li>\n                        <\/a>\n                      <\/ul>\n                      <ul class=\"u-custom-font u-font-merriweather u-text u-text-16\">\n                        <a class=\"u-active-none u-border-none u-btn u-button-link u-button-style u-file-link u-hover-none u-none u-text-palette-1-base u-btn-10\" href=\"https:\/\/new.archidiecezjalubelska.pl\/wp-content\/uploads\/2025\/06\/20180313Dekret_ogolny_o_ochronie_danych_osobowych.pdf\">\n                          <li> Dekret og\u00f3lny w sprawie ochrony os\u00f3b fizycznych w zwi\u0105zku z przetwarzaniem danych osobowych w Ko\u015bciele katolickim \u2013 KEP 2018<\/li>\n                        <\/a>\n                      <\/ul>\n                      <h5 class=\"u-custom-font u-font-merriweather u-text u-text-17\">2016<br>\n                      <\/h5>\n                      <ul class=\"u-custom-font u-font-merriweather u-text u-text-18\">\n                        <a class=\"u-active-none u-border-none u-btn u-button-link u-button-style u-file-link u-hover-none u-none u-text-palette-1-base u-btn-11\" href=\"https:\/\/new.archidiecezjalubelska.pl\/wp-content\/uploads\/2025\/06\/Stanowisko_biskupowslub_katolicki_poza_kosciolem.pdf\">\n                          <li> Stanowisko biskup\u00f3w polskich w sprawie ma\u0142\u017ce\u0144stwa katolickiego zawieranego poza miejscem \u015bwi\u0119tym \u2013 KEP 2016<\/li>\n                        <\/a>\n                      <\/ul>\n                      <h5 class=\"u-custom-font u-font-merriweather u-text u-text-19\">2015<br>\n                      <\/h5>\n                      <ul class=\"u-custom-font u-font-merriweather u-text u-text-20\">\n                        <a class=\"u-active-none u-border-none u-btn u-button-link u-button-style u-file-link u-hover-none u-none u-text-palette-1-base u-btn-12\" href=\"https:\/\/new.archidiecezjalubelska.pl\/wp-content\/uploads\/2025\/06\/Dekret_w_sprawie_wystapien.pdf\">\n                          <li> Dekret Og\u00f3lny Konferencji Episkopatu Polski w sprawie wyst\u0105pie\u0144 z Ko\u015bcio\u0142a oraz powrotu do wsp\u00f3lnoty Ko\u015bcio\u0142a<\/li>\n                        <\/a>\n                      <\/ul>\n                    <\/div>\n                  <\/div>\n                <\/div>\n              <\/div>\n            <\/div>\n          <\/div>\n        <\/div>\n      <\/div>\n    <\/section>\n    \n    \n    \n    \n  \n<\/div>","protected":false},"excerpt":{"rendered":"<p>Dokumenty KEP Wybrane dokumenty Konferencji Episkopatu Polski: 2023 Dekret og\u00f3lny Konferencji Episkopatu Polski w sprawie wyst\u0119powania duchownych, cz\u0142onk\u00f3w instytut\u00f3w \u017cycia konsekrowanego, stowarzysze\u0144 \u017cycia apostolskiego oraz niekt\u00f3rych wiernych \u015bwieckich w mediach [PDF] 2022 PRO MEMORIA dotycz\u0105ce pos\u0142ug religijnych udzielanych wiernym z Ko\u015bcio\u0142\u00f3w i Wsp\u00f3lnot ko\u015bcielnych niemaj\u0105cych pe\u0142nej wsp\u00f3lnoty z Ko\u015bcio\u0142em katolickim KEP 2022 &nbsp;\u2013 zobacz tak\u017ce &hellip; <a href=\"https:\/\/new.archidiecezjalubelska.pl\/index.php\/dokumenty-kep\/\" class=\"more-link\">Continue reading<span class=\"screen-reader-text\"> &#8220;Dokumenty KEP&#8221;<\/span><\/a><\/p>\n","protected":false},"author":1,"featured_media":0,"parent":0,"menu_order":0,"comment_status":"closed","ping_status":"closed","template":"","meta":{"footnotes":""},"class_list":["post-66683","page","type-page","status-publish","hentry"],"_links":{"self":[{"href":"https:\/\/new.archidiecezjalubelska.pl\/index.php\/wp-json\/wp\/v2\/pages\/66683","targetHints":{"allow":["GET"]}}],"collection":[{"href":"https:\/\/new.archidiecezjalubelska.pl\/index.php\/wp-json\/wp\/v2\/pages"}],"about":[{"href":"https:\/\/new.archidiecezjalubelska.pl\/index.php\/wp-json\/wp\/v2\/types\/page"}],"author":[{"embeddable":true,"href":"https:\/\/new.archidiecezjalubelska.pl\/index.php\/wp-json\/wp\/v2\/users\/1"}],"replies":[{"embeddable":true,"href":"https:\/\/new.archidiecezjalubelska.pl\/index.php\/wp-json\/wp\/v2\/comments?post=66683"}],"version-history":[{"count":2,"href":"https:\/\/new.archidiecezjalubelska.pl\/index.php\/wp-json\/wp\/v2\/pages\/66683\/revisions"}],"predecessor-version":[{"id":66694,"href":"https:\/\/new.archidiecezjalubelska.pl\/index.php\/wp-json\/wp\/v2\/pages\/66683\/revisions\/66694"}],"wp:attachment":[{"href":"https:\/\/new.archidiecezjalubelska.pl\/index.php\/wp-json\/wp\/v2\/media?parent=66683"}],"curies":[{"name":"wp","href":"https:\/\/api.w.org\/{rel}","templated":true}]}}