{"id":67045,"date":"2026-04-14T13:13:26","date_gmt":"2026-04-14T11:13:26","guid":{"rendered":"https:\/\/new.archidiecezjalubelska.pl\/?page_id=67045"},"modified":"2026-04-14T13:33:45","modified_gmt":"2026-04-14T11:33:45","slug":"sylwetka-stanislaw-budzik","status":"publish","type":"page","link":"https:\/\/new.archidiecezjalubelska.pl\/index.php\/sylwetka-stanislaw-budzik\/","title":{"rendered":"Sylwetka Stanis\u0142aw Budzik"},"content":{"rendered":"<div class=\"woocommerce\">\n    \n    <section class=\"u-clearfix u-white u-section-2\" id=\"sec-fd0f\">\n      <div class=\"u-clearfix u-sheet u-valign-middle-lg u-valign-middle-md u-valign-middle-sm u-sheet-1\">\n        <div class=\"data-layout-selected u-clearfix u-expanded-width-xs u-layout-wrap u-layout-wrap-1\">\n          <div class=\"u-gutter-0 u-layout\" style=\"\">\n            <div class=\"u-layout-row\" style=\"\">\n              <div class=\"u-container-style u-layout-cell u-shape-rectangle u-size-60 u-size-60-md u-layout-cell-1\">\n                <div class=\"u-container-layout u-valign-top-lg u-valign-top-md u-valign-top-sm u-valign-top-xs u-container-layout-1\">\n                  <div class=\"custom-expanded u-align-left u-container-style u-group u-white u-group-1\">\n                    <div class=\"u-container-layout u-container-layout-2\">\n                      <div class=\"u-container-style u-custom-color-12 u-expanded-width u-group u-group-2\">\n                        <div class=\"u-container-layout u-valign-middle u-container-layout-3\">\n                          <h5 class=\"u-custom-font u-font-merriweather u-text u-text-black u-text-default u-text-1\">Ks. Arcybiskup Stanis\u0142aw Budzik<\/h5>\n                        <\/div>\n                      <\/div>\n                      <img decoding=\"async\" class=\"u-image u-image-default u-image-1\" src=\"https:\/\/archidiecezjalubelska.pl\/wp-content\/uploads\/2014\/12\/abp_budzik.png\" alt=\"\" data-image-width=\"253\" data-image-height=\"400\">\n                      <h5 class=\"u-custom-font u-font-merriweather u-text u-text-black u-text-default u-text-2\">Arcybiskup Metropolita Lubelski<\/h5>\n                      <div class=\"u-container-style u-custom-color-12 u-expanded-width u-group u-group-3\">\n                        <div class=\"u-container-layout u-valign-bottom u-container-layout-4\">\n                          <h5 class=\"u-custom-font u-font-merriweather u-text u-text-black u-text-3\"> Urodzi\u0142 si\u0119 dnia 25 kwietnia 1952 roku w \u0141\u0119kawicy k. Tarnowa. W roku 1971 z\u0142o\u017cy\u0142 egzamin dojrza\u0142o\u015bci w I Liceum Og\u00f3lnokszta\u0142c\u0105cym im. Kazimierza Brodzi\u0144skiego w Tarnowie. W latach 1971-77 przygotowywa\u0142 si\u0119 do kap\u0142a\u0144stwa w Wy\u017cszym Seminarium Duchownym w Tarnowie, studiuj\u0105c r\u00f3wnocze\u015bnie filozofi\u0119 i teologi\u0119 w tamtejszym Instytucie Teologicznym. \u015awi\u0119cenia prezbiteratu otrzyma\u0142 w dniu 29 maja 1977 r. z r\u0105k bpa Jerzego Ablewicza. W tym samym roku uzyska\u0142 tytu\u0142 magistra teologii na Katolickim Uniwersytecie Lubelskim. W latach 1982-1988 studiowa\u0142 na Wydziale Teologicznym Uniwersytetu w Innsbrucku, gdzie obroni\u0142 prac\u0119 doktorsk\u0105 pt.&nbsp;Doctor pacis. Theologie des Friedens bei Augustinus.&nbsp;Za prac\u0119 t\u0119 otrzyma\u0142 w roku 1989 nagrod\u0119 prezydenta miasta Innsbrucka, ukaza\u0142a si\u0119 ona tak\u017ce drukiem w serii naukowej&nbsp;Innsbrucker Theologische Studien.&nbsp;Habilitacj\u0119 z nauk teologicznych uzyska\u0142 w 1997 r. na Wydziale Teologicznym Papieskiej Akademii Teologicznej (dzi\u015b Uniwersytet Papieski Jana Paw\u0142a II) w Krakowie na podstawie pracy&nbsp;Dramat odkupienia.&nbsp;Kategoria dramatyczne w teologii na przyk\u0142adzie R. Girarda, H.U. von Balthasara i R. Schwagera. W roku 2002 uzyska\u0142 stanowisko profesora nadzwyczajnego Papieskiej Akademii Teologicznej w Krakowie.<br>\n                            <br>Pracowa\u0142 jako wikariusz w parafii Matki Bo\u017cej Bolesnej w Limanowej (1977-1980) i w parafii katedralnej Narodzenia NMP w Tarnowie (1980-1982). W trakcie studi\u00f3w innsbruckich mieszka\u0142 w prowadzonym przez jezuit\u00f3w Collegium Canisianum, a w latach 1986-1989 pe\u0142ni\u0142 funkcj\u0119 kapelana w domu generalnym Si\u00f3str Mi\u0142osierdzia w Innsbrucku. Po powrocie do diecezji tarnowskiej w 1989 r. zosta\u0142 mianownany na cztery miesi\u0105ce wikariuszem w parafii pw. \u015bw. Maksymiliana w Tarnowie.<br>\n                            <br>W latach 1989-1990 tworzy\u0142 struktury i pe\u0142ni\u0142 funkcj\u0119 dyrektora nowo utworzonej Caritas Diecezji Tarnowskiej. W latach 1990-1995 by\u0142 pierwszym dyrektorem Wydawnictwa Diecezji Tarnowskiej Biblos, organizuj\u0105c od podstaw jego funkcjonowanie. Po przerwie na przygotowanie habilitacji ponownie kierowa\u0142 Wydawnictwem Biblos w latach 1997-1998. Pe\u0142ni\u0142 r\u00f3wnie\u017c funkcj\u0119 rzecznika prasowego bpa J\u00f3zefa \u017byci\u0144skiego (1993-1997) oraz wikariusza biskupiego ds. seminarium misyjnego (1996). Wchodzi\u0142 tak\u017ce w sk\u0142ad rady programowej Radia Dobra Nowina (od 1993), by\u0142 skarbnikiem Tarnowskiego Ko\u0142a Teologicznego (1992-1995) i cz\u0142onkiem kolegium redakcyjnego czasopisma \u201eReligioni et Litteris\u201d (1992-1998).<br>\n                            <br>W latach 1989-2011 r. by\u0142 wyk\u0142adowc\u0105 w Wy\u017cszym Seminarium Duchownym w Tarnowie i w tamtejszym Instytucie Teologicznym, przekszta\u0142conym nast\u0119pnie w Wydzia\u0142 Teologiczny PAT Sekcja w Tarnowie, gdzie by\u0142 kierownikiem katedry dogmatyki. W sekcji dla student\u00f3w \u015bwieckich prowadzi\u0142 wyk\u0142ady w latach 1991-1998. W latach 1997-2004 wyk\u0142ada\u0142 na kursie licencjacko-doktorskim w Papieskiej Akademii Teologicznej w Krakowie, gdzie w latach 1998-2004 kierowa\u0142 II katedr\u0105 dogmatyki. Jest autorem i redaktorem kilkunastu ksi\u0105\u017cek oraz stu kilkudziesi\u0119ciu artyku\u0142\u00f3w. Pod jego kierownictwem powsta\u0142o kilka prac doktorskich oraz kilkadziesi\u0105t magisterskich i licencjackich.<br>\n                            <br>W roku 1998 bp Wiktor Skworc mianowa\u0142 go rektorem Wy\u017cszego Seminarium Duchownego w Tarnowie. W tym samym roku zosta\u0142 wprowadzony semestr propedeutyczny dla alumn\u00f3w I roku w B\u0142oniu k. Tarnowa. Egzaminy magisterskie przesuni\u0119to na koniec I semestru sz\u00f3stego roku studi\u00f3w, a praktyki duszpasterskie na okres Wielkiego Postu. W roku 2000 alumni oraz wychowawcy przenie\u015bli si\u0119 do nowego Domu Alumna. Rozpocz\u0119to budow\u0119 nowej kaplicy seminaryjnej i auli oraz sporz\u0105dzono plany dalszej rozbudowy kompleksu seminaryjnego. W roku 1999 rektor zosta\u0142 mianowany kanonikiem gremialnym Kapitu\u0142y Katedralnej w Tarnowie a w 2001 r. wybrany zosta\u0142 na jej prepozyta. Wszed\u0142 w sk\u0142ad rady kap\u0142a\u0144skiej, kolegium konsultor\u00f3w i Rady ds. Duchowie\u0144stwa Diecezji Tarnowskiej (1999). Anga\u017cowa\u0142 si\u0119 w prace Konferencji Episkopatu Polski jako sekretarz Komisji ds. Wydawnictw Katolickich (1990-1994), nast\u0119pnie jako konsultor Rady ds. Apostolstwa \u015awieckich (1998-2004), wsp\u00f3\u0142pracuj\u0105c z jej \u00f3wczesnym przewodnicz\u0105cym, abpem J\u00f3zefem \u017byci\u0144skim. W dniu 11 czerwca 2001 r. Ojciec \u015awi\u0119ty Jan Pawe\u0142 II obdarzy\u0142 go godno\u015bci\u0105 kapelana Jego \u015awi\u0105tobliwo\u015bci.<br>\n                            <br>Dnia 24 lutego 2004 r. papie\u017c Jan Pawe\u0142 II mianowa\u0142 go biskupem pomocniczym diecezji tarnowskiej ze stolic\u0105 tytularn\u0105 w H\u00f3lar (Islandia). \u015awi\u0119cenia biskupie przyj\u0105\u0142 w dniu 3 kwietnia 2004 r. w bazylice katedralnej w Tarnowie z r\u0105k biskupa tarnowskiego Wiktora Skworca. Pos\u0142ug\u0119 wsp\u00f3\u0142konsekrator\u00f3w pe\u0142nili abp J\u00f3zef Kowalczyk, nuncjusz apostolski w Polsce i abp J\u00f3zef \u017byci\u0144ski, metropolita lubelski, za\u015b liturgii przewodniczy\u0142 i homili\u0119 wyg\u0142osi\u0142 kard. Franciszek Macharski, metropolita krakowski. Na swoje zawo\u0142anie nowy biskup wybra\u0142 s\u0142owa:&nbsp;In virtute crucis (W mocy krzy\u017ca). \n                          <\/h5>\n                          <div class=\"u-video u-video-contain u-video-1\">\n                            <div class=\"embed-responsive embed-responsive-1\">\n                              <iframe style=\"position: absolute;top: 0;left: 0;width: 100%;height: 100%;\" class=\"embed-responsive-item\" src=\"https:\/\/www.youtube.com\/embed\/bZ9_trd7Bmk?mute=0&amp;showinfo=0&amp;controls=0&amp;start=0\" frameborder=\"0\" allowfullscreen=\"\"><\/iframe>\n                            <\/div>\n                          <\/div>\n                          <p class=\"u-custom-font u-font-merriweather u-text u-text-body-color u-text-4\">Jako biskup pomocniczy zosta\u0142 mianowany wikariuszem generalnym diecezji, cz\u0142onkiem diecezjalnej rady duszpasterskiej, przewodnicz\u0105cym diecezjalnej komisji kaznodziejskiej oraz koordynatorem diecezjalnej komisji sztuki, a tak\u017ce przewodnicz\u0105cym diecezjalnej rady ds. formacji duchowej duchowie\u0144stwa W strukturach Konferencji Episkopatu Polski pe\u0142ni\u0142 funkcj\u0119 delegata ds. Ruchu \u015awiat\u0142o-\u017bycie (2004-2007) i by\u0142 cz\u0142onkiem Rady KEP ds. Apostolstwa \u015awieckich (2004-2006).<br>\n                            <br>Dnia 16 czerwca, podczas 340. zebrania plenarnego KEP w Kamieniu \u015al\u0105skim, zosta\u0142 wybrany sekretarzem generalnym Konferencji Episkopatu Polski. Papie\u017c Benedykt XVI&nbsp; zwolni\u0142 go&nbsp;durante munere&nbsp;(na czas sprawowania urz\u0119du) z obowi\u0105zku rezydencji w diecezji tarnowskiej oraz wykonywania obowi\u0105zk\u00f3w biskupa pomocniczego. Jako sekretarz sta\u0142 si\u0119 z urz\u0119du cz\u0142onkiem Rady Sta\u0142ej KEP, Komisji Wsp\u00f3lnej Przedstawicieli Rz\u0105du Rzeczpospolitej Polskiej oraz Ko\u015bcielnej Komisji Konkordatowej. Do jego zada\u0144 nale\u017ca\u0142o przygotowywanie w porozumieniu z przewodnicz\u0105cym KEP oraz stron\u0105 rz\u0105dow\u0105 i w konsultacji z nuncjatur\u0105 apostolsk\u0105 tematyki spotka\u0144 wymienionych gremi\u00f3w.<br>\n                            <br>Pe\u0142ni\u0105c obowi\u0105zki sekretarza przyczyni\u0142 si\u0119 do opracowania nowego statutu i regulaminu KEP, doprowadzi\u0142 do podpisania porozumie\u0144 z Telewizj\u0105 Polsk\u0105 i Polskim Radiem oraz przyczyni\u0142 si\u0119 do zawarcia ugody mi\u0119dzy Polskim Autokefalicznym Ko\u015bcio\u0142em Prawos\u0142awnym a Ko\u015bcio\u0142em Greckokatolickim w Polsce w sprawie uregulowania spornych spraw w\u0142asno\u015bciowych. W pierwszych latach pe\u0142nienia obowi\u0105zk\u00f3w sekretarza doprowadzi\u0142 do ko\u0144ca proces&nbsp;badania dokument\u00f3w przechowywanych w archiwach IPN dotycz\u0105cych duchownych katolickich b\u0119d\u0105cych obecnie biskupami,&nbsp;przygotowuj\u0105c i przesy\u0142aj\u0105c do Stolicy Apostolskiej obszern\u0105 dokumentacj\u0119 na ten temat. Wiele lat trwa\u0142y uwie\u0144czone sukcesem zabiegi o uregulowanie spraw Fundacji Ko\u015bcielnej Rady Gospodarczej.&nbsp; Doprowadzi\u0142 tak\u017ce do zako\u0144czenia prac i rozwi\u0105zania Komisji Maj\u0105tkowej, co z\u0142agodzi\u0142o kontrowersje wok\u00f3\u0142 tej instytucji i uspokoi\u0142o kampani\u0119 medialn\u0105 bardzo niekorzystn\u0105 dla obrazu Ko\u015bcio\u0142a w Polsce. W latach 2009-2012 pracowa\u0142 w ramach Zespo\u0142u ds. rozm\u00f3w z Rosyjskim Ko\u015bcio\u0142em Prawos\u0142awnym, uczestnicz\u0105c w pracach nad przygotowaniem wsp\u00f3lnego przes\u0142ania do narod\u00f3w Polski i Rosji, podpisanego 17 sierpnia 2012 roku na Zamku Kr\u00f3lewskim w Warszawie przez patriarch\u0119 Moskwy i Wszechrusi Cyryla oraz przewodnicz\u0105cego KEP abpa J\u00f3zefa Michalika.<br>\n                            <br>W czerwcu 2010 roku papie\u017c Benedykt XVI mianowa\u0142 go przewodnicz\u0105cym Ko\u015bcielnej Komisji Konkordatowej. W 2011 roku zosta\u0142 wybrany cz\u0142onkiem a nast\u0119pnie przewodnicz\u0105cym rady programowej Katolickiej Agencji Informacyjnej. W 2012 roku zosta\u0142 ponownie cz\u0142onkiem Rady Sta\u0142ej KEP, tym razem jako biskup diecezjalny. Od roku 2014 jest cz\u0142onkiem Rady Ekonomicznej KEP.<br>\n                            <br>W dniu 26 wrze\u015bnia 2011 r. zosta\u0142 mianowany przez papie\u017ca Benedykta XVI arcybiskupem metropolit\u0105 lubelskim. Obj\u0119cie kanoniczne archidiecezji oraz uroczysty ingres do archikatedry lubelskiej mia\u0142y miejsce 22 pa\u017adziernika 2011 r. \n                          <\/p>\n                          <div class=\"u-video u-video-contain u-video-2\">\n                            <div class=\"embed-responsive embed-responsive-2\">\n                              <iframe style=\"position: absolute;top: 0;left: 0;width: 100%;height: 100%;\" class=\"embed-responsive-item\" src=\"https:\/\/www.youtube.com\/embed\/VZbCumAMrJE?mute=0&amp;showinfo=0&amp;controls=0&amp;start=0\" frameborder=\"0\" allowfullscreen=\"\"><\/iframe>\n                            <\/div>\n                          <\/div>\n                          <div class=\"u-border-3 u-border-grey-dark-1 u-line u-line-horizontal u-line-1\"><\/div>\n                          <ul class=\"u-custom-font u-font-merriweather u-text u-text-body-color u-text-5\">\n                            <a class=\"u-active-none u-border-none u-btn u-button-link u-button-style u-hover-none u-none u-text-active-white u-text-body-color u-text-hover-white u-btn-1\" href=\"http:\/\/diecezja.lublin.pl\/uploader\/Homilia%20Abp%20-%20ingres%2022-10-2011.pdf\">\n                              <li>Homilia Arcybiskupa Metropolity Lubelskiego Stanis\u0142awa Budzika wyg\u0142oszona podczas ingresu w dniu 22.10.2011 r. <\/li>\n                            <\/a>\n                          <\/ul>\n                          <ul class=\"u-custom-font u-font-merriweather u-text u-text-body-color u-text-6\">\n                            <a class=\"u-active-none u-border-none u-btn u-button-link u-button-style u-hover-none u-none u-text-active-white u-text-body-color u-text-hover-white u-btn-2\" href=\"https:\/\/archidiecezjalubelska.pl\/wp-content\/galerie\/herby\/abp_budzik_herb.jpg\" target=\"_blank\">\n                              <li> herb arcybiskupa \u2013 wersja bitowa<\/li>\n                            <\/a>\n                          <\/ul>\n                          <div class=\"u-border-3 u-border-grey-dark-1 u-line u-line-horizontal u-line-2\"><\/div>\n                          <p class=\"u-custom-font u-font-merriweather u-text u-text-body-color u-text-7\">W skr\u00f3cie:<\/p>\n                          <p class=\"u-custom-font u-font-merriweather u-text u-text-body-color u-text-8\"><span style=\"font-weight: 700;\"> Arcybiskup STANIS\u0141AW BUDZIK<\/span>\n                            <br>\n                            <br><span style=\"text-decoration: underline !important;\">Arcybiskup Metropolita Lubelski<br>doktor habilitowany teologii<br>Wielki Kanclerz Katolickiego Uniwersytetu Lubelskiego Jana Paw\u0142a II<br>Cz\u0142onek Dykasterii ds. Kultury i Edukacji<\/span>\n                            <br>\n                            <br>w Konferencji Episkopatu Polski:<br>\n                            <br><span style=\"text-decoration: underline !important;\">Cz\u0142onek Komisji Wsp\u00f3lnej Przedstawicieli Rz\u0105du RP i KEP<br>Przewodnicz\u0105cy Komisji Nauki Wiary<br>Przewodnicz\u0105cy Komisji Rewizyjnej<br>Przewodnicz\u0105cy Rady Programowej KAI<br>Przewodnicz\u0105cy Zespo\u0142u ds. Kontakt\u00f3w z Konferencj\u0105 Episkopatu Niemiec<\/span>\n                            <br>\n                            <br>dewiza biskupia:&nbsp;In virtute Crucis&nbsp;\u2013 W mocy Krzy\u017ca<br>\n                            <br>urodzony&nbsp;\u2013 25 kwietnia 1952 r. w \u0141\u0119kawicy k. Tarnowa<br>\u015bwi\u0119cenia prezbiteratu&nbsp;\u2013&nbsp; 29 maja 1977 r. w Tarnowie<br>mianowany biskupem pomocniczym diecezji tarnowskiej (tyt.&nbsp;H\u00f3lar)&nbsp;\u2013 24 lutego 2004 r.<br>\u015bwi\u0119cenia biskupie&nbsp;\u2013 3 kwietnia 2004 r. w Tarnowie<br>sekretarz Konferencji Episkopatu Polski&nbsp;\u2013 od czerwca 2007 do listopada 2011 r.<br>mianowany arcybiskupem metropoli\u0105 lubelskim&nbsp;\u2013 26 wrze\u015bnia 2011 r.<br>obj\u0105\u0142 diecezj\u0119&nbsp;\u2013 22 pa\u017adziernika 2011 r.<br>\n                            <br>adres:<br>\n                            <br><span style=\"text-decoration: underline !important;\">ul. Prymasa Stefana Wyszy\u0144skiego 2<br>20-105 Lublin<\/span>\n                            <br>\n                            <br>SEKRETARZ ARCYBISKUPA:<br><span style=\"text-decoration: underline !important;\">ks. dr Sebastian Dec<\/span>\n                            <br>\n                            <br>Dy\u017cur sekretarza&nbsp;<br>\n                            <br>od poniedzia\u0142ku do pi\u0105tku w godz. 9.00-12.00<br>tel. 81 532 34 68<br>fax 81 534 61 35<br>e-mail: <a href=\"mailto:sekretarz@diecezja.lublin.pl\" class=\"u-active-none u-border-none u-btn u-button-link u-button-style u-hover-none u-none u-text-active-black u-text-body-alt-color u-text-hover-black u-btn-3\">sekretarz@diecezja.lublin.pl<\/a>\n                            <br>\n                            <br>TWITTER&nbsp;\u2013 ARCYBISKUP STANIS\u0141AW BUDZIK<br>\n                            <br>\n                            <a href=\"http:\/\/twitter.com\/stanislawbudzik\" class=\"u-active-none u-border-none u-btn u-button-link u-button-style u-hover-none u-none u-text-active-black u-text-body-alt-color u-text-hover-black u-btn-4\" target=\"_blank\">www.twitter.com\/stanislawbudzik<\/a>\n                            <br>\n                            <br>\n                          <\/p>\n                        <\/div>\n                      <\/div>\n                    <\/div>\n                  <\/div>\n                <\/div>\n              <\/div>\n            <\/div>\n          <\/div>\n        <\/div>\n      <\/div>\n    <\/section>\n    \n    \n    \n    \n  \n<\/div>","protected":false},"excerpt":{"rendered":"<p>Ks. Arcybiskup Stanis\u0142aw Budzik Arcybiskup Metropolita Lubelski Urodzi\u0142 si\u0119 dnia 25 kwietnia 1952 roku w \u0141\u0119kawicy k. Tarnowa. W roku 1971 z\u0142o\u017cy\u0142 egzamin dojrza\u0142o\u015bci w I Liceum Og\u00f3lnokszta\u0142c\u0105cym im. Kazimierza Brodzi\u0144skiego w Tarnowie. W latach 1971-77 przygotowywa\u0142 si\u0119 do kap\u0142a\u0144stwa w Wy\u017cszym Seminarium Duchownym w Tarnowie, studiuj\u0105c r\u00f3wnocze\u015bnie filozofi\u0119 i teologi\u0119 w tamtejszym Instytucie Teologicznym. &hellip; <a href=\"https:\/\/new.archidiecezjalubelska.pl\/index.php\/sylwetka-stanislaw-budzik\/\" class=\"more-link\">Continue reading<span class=\"screen-reader-text\"> &#8220;Sylwetka Stanis\u0142aw Budzik&#8221;<\/span><\/a><\/p>\n","protected":false},"author":1,"featured_media":0,"parent":0,"menu_order":0,"comment_status":"closed","ping_status":"closed","template":"","meta":{"footnotes":""},"class_list":["post-67045","page","type-page","status-publish","hentry"],"_links":{"self":[{"href":"https:\/\/new.archidiecezjalubelska.pl\/index.php\/wp-json\/wp\/v2\/pages\/67045","targetHints":{"allow":["GET"]}}],"collection":[{"href":"https:\/\/new.archidiecezjalubelska.pl\/index.php\/wp-json\/wp\/v2\/pages"}],"about":[{"href":"https:\/\/new.archidiecezjalubelska.pl\/index.php\/wp-json\/wp\/v2\/types\/page"}],"author":[{"embeddable":true,"href":"https:\/\/new.archidiecezjalubelska.pl\/index.php\/wp-json\/wp\/v2\/users\/1"}],"replies":[{"embeddable":true,"href":"https:\/\/new.archidiecezjalubelska.pl\/index.php\/wp-json\/wp\/v2\/comments?post=67045"}],"version-history":[{"count":2,"href":"https:\/\/new.archidiecezjalubelska.pl\/index.php\/wp-json\/wp\/v2\/pages\/67045\/revisions"}],"predecessor-version":[{"id":67047,"href":"https:\/\/new.archidiecezjalubelska.pl\/index.php\/wp-json\/wp\/v2\/pages\/67045\/revisions\/67047"}],"wp:attachment":[{"href":"https:\/\/new.archidiecezjalubelska.pl\/index.php\/wp-json\/wp\/v2\/media?parent=67045"}],"curies":[{"name":"wp","href":"https:\/\/api.w.org\/{rel}","templated":true}]}}